et d = -18 + 20. Suppose -5*o + 19 = -4*h, -o + h = d*o - 10. Let l(f) = o*j(f) - 5*w(f). Calculate l(-3).
-10
Let q(s) = -s + 3. Let d(t) be the second derivative of t**4/4 + t**2 + 3*t. Let w be d(1). Calculate q(w).
-2
Let c(d) be the third derivative of d**5/60 - d**4/6 - d**3/2 - 29*d**2. Let b(x) = 4*x**2 - 20*x - 14. Let v(h) = -3*b(h) + 14*c(h). Calculate v(-3).
6
Let u(m) = -2*m**2 + m + 1. Let p(y) = 2*y + 59. Let q be p(-28). What is u(q)?
-14
Let n(w) = 2*w - 10. Let a be n(8). Suppose -5*o = -3*o - a. Let q(d) = -4*d - o + d + 0*d - 4*d. What is q(-2)?
11
Let y(z) = 14*z**2 + 11 + 128*z**3 - 41*z**3 + 4 + 14*z - 46*z**3 - 42*z**3. Give y(15).
0
Suppose 0 = -0*d - 33*d - 231. Let f(x) = x**2 + 7*x + 6. What is f(d)?
6
Let p(t) = -2*t**3 - t**2 + 1. Suppose -3*m + 15 = w - 2*w, 4*w = 0. Suppose 2*n = 2*u - u + 3, 5*n = -m*u - 30. Calculate p(n).
2
Let w(l) = -3*l + 7. Let s(a) = -a + 31. Let f be s(23). Determine w(f).
-17
Let y(f) be the first derivative of f**3/6 + 2*f**2 - 4*f - 4. Let i(q) be the first derivative of y(q). Suppose -19*h - 84 = -5*h. Calculate i(h).
-2
Let m(f) = -2*f + 2. Suppose -11 - 25 = -p. Let s = 34 - p. What is m(s)?
6
Let o = -6 + 8. Suppose l + 3*w = 20, 5*l - 6*w = -10*w + 78. Let z(t) = l*t + 15*t + o - 30*t. Calculate z(-2).
4
Let d be 14/35 - (-73)/5*1. Suppose 0 = -4*j + d - 43. Let v(l) = -l**3 - 7*l**2 + 2*l - 3. Determine v(j).
-17
Let f(g) = 4*g + 24. Suppose 3*k - c + 38 - 15 = 0, 4*c = -2*k + 8. Give f(k).
0
Let g = -527 - -525. Let i(z) = -10*z**2 - z - 1. Calculate i(g).
-39
Let o(u) = 7*u**2 + 10*u + 23. Let p(a) = -13*a**2 - 20*a - 44. Let n(v) = -11*o(v) - 6*p(v). Give n(-10).
11
Suppose s = -2*n + 14 + 4, 0 = -3*s + 5*n + 54. Let w = 20 - s. Let d(c) = -25*c**2 + c + w + 24*c**2 - 3*c. Determine d(-3).
-1
Let f(u) be the second derivative of -u**3/3 + 3*u**2 + u. Suppose -30 = -14*s + 120 - 66. What is f(s)?
-6
Let a(m) = -2*m - 1. Suppose 0 = 8*l - 337 + 281. Determine a(l).
-15
Let z(r) = -r**2 + 9*r + 2. Let g = 354 - 345. Give z(g).
2
Let w(p) = -4*p**3 + p**2 - p - 2. Let i(b) = -14*b + 54. Let l be i(4). Determine w(l).
36
Let d(l) = 32*l + 3. Let u(g) = 162*g + 17. Let b(p) = 11*d(p) - 2*u(p). Give b(-1).
-29
Let q(x) = -279*x + 133*x + 0 + 139*x + x**3 - 4. Give q(-3).
-10
Let g = -677 - -682. Let f(y) = -3*y - 9. Let d(x) = 10*x + 28. Let l(p) = -10*p - 28. Let h(t) = -5*d(t) - 4*l(t). Let i(s) = 16*f(s) - 5*h(s). Give i(g).
6
Let p(z) = 9*z + z + 2 - 7 - z**2 - 15*z. Calculate p(-5).
-5
Let c(g) be the second derivative of -g**4/12 + g**3/2 + 7*g**2/2 - 263*g. Calculate c(5).
-3
Let i(s) = 7*s - 5. Let b(w) = -3*w + 2. Let n(t) = -15*b(t) - 6*i(t). Let v(o) = 22*o - 46. Let u be v(2). Calculate n(u).
-6
Let x(q) = q**3 + 5*q**2 + 5*q. Suppose 5*b + 18 = 68. Suppose -b + 2 = 2*w. Determine x(w).
-4
Suppose 0 = 28*w - 89 - 51. Let v(a) = -a**3 + 8*a**2 - 12*a - 1. Give v(w).
14
Suppose 4*l - 2*c = 30, 0*c - 3*c + 45 = 4*l. Let v(o) = 16*o + 3*o**3 - 17*o - o**2 - l*o**3. Let d(h) = h**3 - 3*h**2 + h - 4. Let u be d(3). Calculate v(u).
6
Let c(k) be the second derivative of -k**4/6 - 3*k**3 - 5*k**2/2 - 108*k - 3. Calculate c(-10).
-25
Let x(z) = z**2 + 13*z - 9. Let b be 40/16*(18/(-5) - 2). Calculate x(b).
5
Suppose -8*x = 21*x + 290. Let g(i) = -i**2 - 9*i + 4. What is g(x)?
-6
Suppose 8*w = 6*w + 80. Suppose w = -4*a - 4*n - n, -3*a = -2*n + 7. Let r(k) = k**2 + 1 + 2*k - 1 - 7. Give r(a).
8
Let z(l) be the third derivative of 0*l - 1/24*l**4 + 1/15*l**5 - 13*l**2 + 0 - 1/120*l**6 - 1/3*l**3. Give z(2).
4
Suppose -6*h + 18 = -3*h. Suppose 11*n - 15 = h*n. Suppose 4*l = -g + 4, 6 = -n*l + 4*l - g. Let b(a) = -3*a**2 + 4*a - 3. What is b(l)?
-7
Let m(r) = 2*r + 4 + 5*r - r**2 + r. Let y(s) = 2*s**2 - 17*s + 37. Let f be y(6). Determine m(f).
11
Let c(l) = 5 - 7 + 1 - 1 - 2*l. What is c(-7)?
12
Suppose -c = 5, -3*t = 2*c + 2*c - 262. Let h(z) = -t*z + 44*z + 51*z. Calculate h(-1).
-1
Let q be 6 - (2 - -1) - 1. Let u(p) = 12 - 5 + 7*p - p**2 + 2*p**2 + 0*p**q. What is u(-7)?
7
Let n be 9 + -2*(-1)/2. Suppose y - n = 6*y. Let z(s) be the first derivative of -2*s**3/3 + 2*s - 355. Determine z(y).
-6
Let d(x) = 2*x**3 + x**2 + 1. Let k(b) = -7*b**3 - 8*b**2 + 8*b + 1. Let c(o) = -3*d(o) - k(o). Let z(v) = -v**2 + 5*v - 6. Let m be z(5). What is c(m)?
8
Suppose 0 = -7*r + 9*r + 4. Let n be (-6)/(-4)*r - -2. Let i be (12 - 13) + (n - 3). Let a(l) = l. Calculate a(i).
-5
Suppose 2*d = -6*d + 2*d. Let q(g) be the third derivative of g**6/120 + g**5/60 + g**4/24 + 10*g**3/3 + 2*g**2. Give q(d).
20
Suppose -5*l = -134 + 19. Let y(t) = -t**2 - l - 11*t - 6*t**3 + 5*t**3 + 11*t. What is y(0)?
-23
Let k(m) = -2*m**3 - 2*m**2 - 3*m. Let g(y) = -4*y**3 - 5*y**2 - 6*y - 1. Let s(b) = -2*g(b) + 5*k(b). What is s(2)?
-20
Let i(g) be the first derivative of -5*g**4/4 - g**3/3 + 1. Let u(x) = -x**3 + 14*x**2 + 8*x + 106. Let d be u(15). Calculate i(d).
-6
Let r = -16 + 4. Let m be (-4)/r*(10 + -1). Suppose 2*x = 2*u - 0*x - 14, -m*x - 6 = 0. Let a(t) = t**3 - 5*t**2 - t. Give a(u).
-5
Let h(n) = -4*n + 1. Suppose 35*g = 37*g. Suppose 0 = k - 3*o - 7, -k - 2*o + 0*o - 3 = g. What is h(k)?
-3
Let b(d) = -71*d**3 + d. Let c = 696 - 695. Determine b(c).
-70
Let o(v) = v**3 + v**2 + 3*v. Let m(f) = -2*f**3 + f**2 - 3. Let k(a) = -m(a) - o(a). Let t be (-2 + 2)*2/(-4). Suppose t*j - 2*j = -4. Determine k(j).
-3
Let o(w) = -w**2 + 47*w - 315. Let d be o(39). Let h(m) = m**3 + 4*m**2 + 4. Determine h(d).
13
Let h(o) = o**3 + 9*o - 14*o + 11*o - 5 - 7*o**2. Suppose -4 = z, 2*m + 17 = 3*m - 2*z. Let x = -3 + m. Calculate h(x).
-5
Let p(j) = -j**2 + 3*j - 4. Let g(i) = -i**2 + 2*i - 3. Let r(a) = -3*g(a) + 2*p(a). Let f(m) = -2*m**2 + 15*m - 15. Let h be f(6). Calculate r(h).
10
Suppose -4*s + 116 = -h + 3*h, -202 = -3*h + s. Suppose -9*o + h = 3. Let t(p) = -p**2 + 7*p - 6. What is t(o)?
-6
Let p(n) = -2*n + 4. Let v be p(-1). Let k(w) = -w**3 + 7*w**2 - 6*w + 3. Let s be k(v). Let l(y) = -4*y + 2. What is l(s)?
-10
Suppose 0 = 57*c - 33*c - 43*c. Let z(v) be the third derivative of 12*v**2 - 1/6*v**3 - 2/15*v**5 + c*v + 0 + 1/12*v**4. Give z(1).
-7
Let p(s) = s**3 - 6*s**2 - s + 6. Let f(b) = 7*b**2 - 16*b + 15. Let k be f(1). Determine p(k).
0
Let j(w) = -w**2 - 1. Let t be (-6 + 7)/(2/(-2)). Let v(o) = 5*o**2 - 7*o + 7. Let d(c) = t*v(c) - 4*j(c). Determine d(6).
3
Let z(b) be the second derivative of b**5/20 + 7*b**4/12 + 4*b**3/3 + 5*b**2/2 - 13*b + 4. Calculate z(-6).
-7
Let m(b) = b**3 - b - 10. Suppose 0 = -4*u + 5*x + 6, 2*u + x - 12 = -2. Let i = 1113 - 1110. Suppose 0 = w - i*k - 6, -3*w + u*k = k - 6. What is m(w)?
-10
Let u(r) = -r**2 + 8*r - 4. Let n be u(7). Let y(t) be the second derivative of -t + 1/12*t**4 - 2/3*t**3 + 0 - 1/2*t**2. Give y(n).
-4
Let c(i) be the third derivative of -i**5/60 - 7*i**4/24 - 3*i**3/2 - 115*i**2. What is c(-7)?
-9
Suppose -1 = -4*i + 3*z + 3, -5*i + 4 = -4*z. Suppose -i*r - 12 = -r. Let v(u) be the first derivative of u**4/4 + 4*u**3/3 + 3*u + 13. Determine v(r).
3
Let x(r) = 11*r**3 + 23*r**2 + 23*r + 5. Let z(f) = 5*f**3 + 11*f**2 + 11*f + 2. Let u(c) = 6*x(c) - 13*z(c). Determine u(6).
10
Let n(w) = -14*w + 4. Let k(l) = -27*l + 7. Let v(g) = -3*k(g) + 5*n(g). Let d be (2/(-6))/((-7)/105). Let y = d - 4. Calculate v(y).
10
Let q be 8*3*15/(-36). Let a = -7 - q. Let j(x) = 4*x - a*x - 1 - 2 + 1. Determine j(5).
3
Let g(v) be the second derivative of 13*v**4/12 + v**3/6 + 28*v - 5. Calculate g(-1).
12
Let j(s) = -77*s - 4*s**2 - 77*s + 5*s**2 + 146*s. Determine j(6).
-12
Let b(f) = 5*f**2 + 4*f - 12. Suppose -4*r + 5*m + 16 = 53, 0 = 4*r - 2*m + 22. Let d(v) = 4*v**2 + 4*v - 10. Let j(w) = r*b(w) + 4*d(w). What is j(-6)?
8
Let g(w) = w**2 + 7*w. Suppose 0 = 3*m - 4*d - 158, -5*m + 205 = d + 4*d. Let a = 40 - m. Determine g(a).
-6
Let u be (1/(-3))/((-5)/45). Suppose 2*c - 2*r = -u*c + 21, 0 = c - r - 3. Let t(s) = 3*s - 5. Calculate t(c).
10
Let p(n) be the second derivative of -n**4/12 + 2*n**3/3 - n**2 - 79*n. Let s(o) = 5*o**2 + o. Let d be s(-1). What is p(d)?
-2
Let i(l) = 1092 - l**2 - 5*l - 547 - 540. Let b = 3 + -9. Determine i(b).
-1
Let l(r) = r**3 - r**2 + r. Let y(k) = -5*k**3 - 3*k**2 + 4*k - 4. Let n(w) = 4*l(w) + y(w). Determine n(-8).
-4
Let